{"id":3374,"date":"2025-01-03T17:56:46","date_gmt":"2025-01-03T17:56:46","guid":{"rendered":"https:\/\/athleticsport.cl\/?page_id=3374"},"modified":"2025-01-03T18:02:57","modified_gmt":"2025-01-03T18:02:57","slug":"services-2","status":"publish","type":"page","link":"https:\/\/athleticsport.cl\/index.php\/services-2\/","title":{"rendered":"Somos AthleticSport"},"content":{"rendered":"\t\t<div data-elementor-type=\"wp-page\" data-elementor-id=\"3374\" class=\"elementor elementor-3374\">\n\t\t\t\t\t\t<section class=\"elementor-section elementor-top-section elementor-element elementor-element-1961ea1 elementor-section-full_width elementor-reverse-tablet elementor-reverse-mobile elementor-section-height-default elementor-section-height-default qodef-elementor-content-no\" data-id=\"1961ea1\" data-element_type=\"section\" data-settings=\"{&quot;background_background&quot;:&quot;classic&quot;}\">\n\t\t\t\t\t\t<div class=\"elementor-container elementor-column-gap-default\">\n\t\t\t\t\t<div class=\"elementor-column elementor-col-50 elementor-top-column elementor-element elementor-element-5269f82 qodef-sticky-column--no\" data-id=\"5269f82\" data-element_type=\"column\">\n\t\t\t<div class=\"elementor-widget-wrap\">\n\t\t\t\t\t\t\t<\/div>\n\t\t<\/div>\n\t\t\t\t<div class=\"elementor-column elementor-col-50 elementor-top-column elementor-element elementor-element-03021b3 qodef-sticky-column--no\" data-id=\"03021b3\" data-element_type=\"column\" data-settings=\"{&quot;background_background&quot;:&quot;classic&quot;}\">\n\t\t\t<div class=\"elementor-widget-wrap elementor-element-populated\">\n\t\t\t\t\t\t<div class=\"elementor-element elementor-element-302eb96 elementor-hidden-mobile elementor-hidden-tablet elementor-widget-divider--view-line elementor-widget elementor-widget-divider\" data-id=\"302eb96\" data-element_type=\"widget\" data-widget_type=\"divider.default\">\n\t\t\t\t<div class=\"elementor-widget-container\">\n\t\t\t\t\t\t\t<div class=\"elementor-divider\">\n\t\t\t<span class=\"elementor-divider-separator\">\n\t\t\t\t\t\t<\/span>\n\t\t<\/div>\n\t\t\t\t\t\t<\/div>\n\t\t\t\t<\/div>\n\t\t\t\t<section class=\"elementor-section elementor-inner-section elementor-element elementor-element-00cdc8e elementor-section-boxed elementor-section-height-default elementor-section-height-default qodef-elementor-content-no\" data-id=\"00cdc8e\" data-element_type=\"section\">\n\t\t\t\t\t\t<div class=\"elementor-container elementor-column-gap-default\">\n\t\t\t\t\t<div class=\"elementor-column elementor-col-50 elementor-inner-column elementor-element elementor-element-34eac47 qodef-sticky-column--no\" data-id=\"34eac47\" data-element_type=\"column\">\n\t\t\t<div class=\"elementor-widget-wrap\">\n\t\t\t\t\t\t\t<\/div>\n\t\t<\/div>\n\t\t\t\t<div class=\"elementor-column elementor-col-50 elementor-inner-column elementor-element elementor-element-5aded6d qodef-sticky-column--no\" data-id=\"5aded6d\" data-element_type=\"column\">\n\t\t\t<div class=\"elementor-widget-wrap elementor-element-populated\">\n\t\t\t\t\t\t<div class=\"elementor-element elementor-element-e587055 elementor-widget__width-auto elementor-widget elementor-widget-qi_addons_for_elementor_highlight\" data-id=\"e587055\" data-element_type=\"widget\" data-widget_type=\"qi_addons_for_elementor_highlight.default\">\n\t\t\t\t<div class=\"elementor-widget-container\">\n\t\t\t\t\t<h1 class=\"qodef-shortcode qodef-m  qodef-qi-highlight  qodef-highlight-style--color\" >\n\tSomos <span class=\"qodef-highlight-text\" style=\"background-image: linear-gradient(to bottom, transparent 12%, #D1FF11 12%, #D1FF11 85%, transparent 85%)\">AthleticSport<\/span> <\/h1>\n\t\t\t\t<\/div>\n\t\t\t\t<\/div>\n\t\t\t\t\t<\/div>\n\t\t<\/div>\n\t\t\t\t\t<\/div>\n\t\t<\/section>\n\t\t\t\t\t<\/div>\n\t\t<\/div>\n\t\t\t\t\t<\/div>\n\t\t<\/section>\n\t\t\t\t<section class=\"elementor-section elementor-top-section elementor-element elementor-element-a3c1ac1 elementor-section-full_width elementor-section-height-default elementor-section-height-default qodef-elementor-content-no\" data-id=\"a3c1ac1\" data-element_type=\"section\">\n\t\t\t\t\t\t<div class=\"elementor-container elementor-column-gap-default\">\n\t\t\t\t\t<div class=\"elementor-column elementor-col-50 elementor-top-column elementor-element elementor-element-4f14bfb qodef-sticky-column--no\" data-id=\"4f14bfb\" data-element_type=\"column\" data-settings=\"{&quot;background_background&quot;:&quot;classic&quot;}\">\n\t\t\t<div class=\"elementor-widget-wrap elementor-element-populated\">\n\t\t\t\t\t\t<div class=\"elementor-element elementor-element-49f74a6 elementor-widget elementor-widget-qi_addons_for_elementor_image_gallery\" data-id=\"49f74a6\" data-element_type=\"widget\" data-widget_type=\"qi_addons_for_elementor_image_gallery.default\">\n\t\t\t\t<div class=\"elementor-widget-container\">\n\t\t\t\t\t<div class=\"qodef-shortcode qodef-m  qodef-qi-image-gallery  qodef-image--hover-zoom-out  qodef-qi-grid qodef-layout--qi-columns  qodef-col-num--1   qodef-responsive--predefined\">\n\t<div class=\"qodef-grid-inner\">\n\t\t<div class=\"qodef-e qodef-image-wrapper qodef-grid-item\">\n\t<div class=\"qodef-e-inner\">\n\t\t\t\t\t<img fetchpriority=\"high\" decoding=\"async\" width=\"1920\" height=\"1080\" src=\"https:\/\/athleticsport.cl\/wp-content\/uploads\/2024\/12\/01.webp\" class=\"attachment-full size-full\" alt=\"\" srcset=\"https:\/\/athleticsport.cl\/wp-content\/uploads\/2024\/12\/01.webp 1920w, https:\/\/athleticsport.cl\/wp-content\/uploads\/2024\/12\/01-300x169.webp 300w, https:\/\/athleticsport.cl\/wp-content\/uploads\/2024\/12\/01-1024x576.webp 1024w, https:\/\/athleticsport.cl\/wp-content\/uploads\/2024\/12\/01-768x432.webp 768w, https:\/\/athleticsport.cl\/wp-content\/uploads\/2024\/12\/01-1536x864.webp 1536w\" sizes=\"(max-width: 1920px) 100vw, 1920px\" \/>\t\t\t<\/div>\n<\/div>\n\t<\/div>\n<\/div>\n\t\t\t\t<\/div>\n\t\t\t\t<\/div>\n\t\t\t\t\t<\/div>\n\t\t<\/div>\n\t\t\t\t<div class=\"elementor-column elementor-col-50 elementor-top-column elementor-element elementor-element-8f29b57 qodef-sticky-column--no\" data-id=\"8f29b57\" data-element_type=\"column\">\n\t\t\t<div class=\"elementor-widget-wrap elementor-element-populated\">\n\t\t\t\t\t\t<div class=\"elementor-element elementor-element-aa2bb60 elementor-widget elementor-widget-qi_addons_for_elementor_section_title\" data-id=\"aa2bb60\" data-element_type=\"widget\" data-widget_type=\"qi_addons_for_elementor_section_title.default\">\n\t\t\t\t<div class=\"elementor-widget-container\">\n\t\t\t\t\t<div class=\"qodef-shortcode qodef-m  qodef-qi-section-title  qodef-decoration--italic  qodef-link--underline-draw qodef-subtitle-icon--left\">\n\t\t\t\t<h6 class=\"qodef-m-subtitle\">\n\t\tUNIQUE IMAGES\t\t\t<\/h6>\n\t\t\t<h2 class=\"qodef-m-title\">\n\t\tSomos AthleticSport \t<\/h2>\n\t\t\t<div class=\"qodef-m-text\"><p>Con un enfoque \u00fanico en las necesidades espec\u00edficas de cada disciplina, <br \/>cada prenda refleja el entendimiento y la dedicaci\u00f3n <br \/>de quienes conocen el camino de la alta exigencia.<\/p><p>Somos una marca que comprende que el deporte <br \/>es tanto una b\u00fasqueda individual como una expresi\u00f3n <br \/>\u00fanica de cada persona.<\/p><\/div>\n\t<\/div>\n\t\t\t\t<\/div>\n\t\t\t\t<\/div>\n\t\t\t\t\t<\/div>\n\t\t<\/div>\n\t\t\t\t\t<\/div>\n\t\t<\/section>\n\t\t\t\t<section class=\"elementor-section elementor-top-section elementor-element elementor-element-906ea04 elementor-section-full_width elementor-section-height-default elementor-section-height-default qodef-elementor-content-no\" data-id=\"906ea04\" data-element_type=\"section\" data-settings=\"{&quot;background_background&quot;:&quot;classic&quot;}\">\n\t\t\t\t\t\t<div class=\"elementor-container elementor-column-gap-default\">\n\t\t\t\t\t<div class=\"elementor-column elementor-col-100 elementor-top-column elementor-element elementor-element-67dc2c0 qodef-sticky-column--no\" data-id=\"67dc2c0\" data-element_type=\"column\" data-settings=\"{&quot;background_background&quot;:&quot;classic&quot;}\">\n\t\t\t<div class=\"elementor-widget-wrap elementor-element-populated\">\n\t\t\t\t\t\t<div class=\"elementor-element elementor-element-97a258d elementor-widget elementor-widget-qi_addons_for_elementor_testimonials_slider\" data-id=\"97a258d\" data-element_type=\"widget\" data-widget_type=\"qi_addons_for_elementor_testimonials_slider.default\">\n\t\t\t\t<div class=\"elementor-widget-container\">\n\t\t\t\t\t<div class=\"qodef-shortcode qodef-m  qodef-qi-testimonials-slider qodef--swiper-fade qodef-qi-grid qodef-qi-swiper-container qodef-item-layout--side-quote   qodef-pagination--outside qodef-pagination-alignment--end   \" data-options=\"{&quot;direction&quot;:&quot;vertical&quot;,&quot;slidesPerView&quot;:1,&quot;spaceBetween&quot;:30,&quot;spaceBetweenTablet&quot;:30,&quot;spaceBetweenMobile&quot;:30,&quot;effect&quot;:&quot;&quot;,&quot;loop&quot;:true,&quot;autoplay&quot;:true,&quot;centeredSlides&quot;:false,&quot;speed&quot;:&quot;&quot;,&quot;speedAnimation&quot;:&quot;&quot;,&quot;outsideNavigation&quot;:&quot;no&quot;,&quot;outsidePagination&quot;:&quot;yes&quot;,&quot;unique&quot;:&quot;1&quot;,&quot;partialValue&quot;:0,&quot;disablePartialValue&quot;:&quot;&quot;,&quot;parallax&quot;:&quot;no&quot;}\">\n\t<div class=\"swiper-wrapper\">\n\t\t<div class=\"qodef-e swiper-slide elementor-repeater-item-e44aa67\">\n\t<div class=\"qodef-e-inner\">\n\t\t\t<div class=\"qodef-e-quote\">\n\t\t<svg xmlns=\"http:\/\/www.w3.org\/2000\/svg\" width=\"171.37\" height=\"117\" viewBox=\"0 0 171.37 117\"><g id=\"quote_-_Copy\" data-name=\"quote - Copy\" transform=\"translate(0.04)\"><path id=\"Path_186\" data-name=\"Path 186\" d=\"M47.3.5H83.6l-27,116H.7Z\" fill=\"none\" stroke=\"#fff\" stroke-width=\"1\"><\/path><path id=\"Path_187\" data-name=\"Path 187\" d=\"M134.4.5h36.3l-27,116H87.9Z\" fill=\"none\" stroke=\"#fcfcfc\" stroke-width=\"1\"><\/path><\/g><\/svg>\t<\/div>\n\t\t\t<div class=\"qodef-e-content\">\n\t\t\t\t<h4 itemprop=\"description\" class=\"qodef-e-text\">Lorem ipsum dolor sit amet, consec tetur adipis cing elit. Mauris tempus nisl sin mas.<\/h4>\n\t\t\t<div class=\"qodef-e-bottom-info\">\n\t\t\t\t\t\t\t\t\t<div class=\"qodef-e-author\">\n\t\t<p class=\"qodef-e-author-name\">HRO Production Studio<\/p>\n\t\t\t<\/div>\n\t\t\t<\/div>\n\t\t<\/div>\n\t<\/div>\n<\/div>\n<div class=\"qodef-e swiper-slide elementor-repeater-item-a481e5a\">\n\t<div class=\"qodef-e-inner\">\n\t\t\t<div class=\"qodef-e-quote\">\n\t\t<svg xmlns=\"http:\/\/www.w3.org\/2000\/svg\" width=\"171.37\" height=\"117\" viewBox=\"0 0 171.37 117\"><g id=\"quote_-_Copy\" data-name=\"quote - Copy\" transform=\"translate(0.04)\"><path id=\"Path_186\" data-name=\"Path 186\" d=\"M47.3.5H83.6l-27,116H.7Z\" fill=\"none\" stroke=\"#fff\" stroke-width=\"1\"><\/path><path id=\"Path_187\" data-name=\"Path 187\" d=\"M134.4.5h36.3l-27,116H87.9Z\" fill=\"none\" stroke=\"#fcfcfc\" stroke-width=\"1\"><\/path><\/g><\/svg>\t<\/div>\n\t\t\t<div class=\"qodef-e-content\">\n\t\t\t\t<h4 itemprop=\"description\" class=\"qodef-e-text\">Duis non enim pha retra gra vida arcu et, pret ium ante dolor sit amet, elit dolore lorem.<\/h4>\n\t\t\t<div class=\"qodef-e-bottom-info\">\n\t\t\t\t\t\t\t\t\t<div class=\"qodef-e-author\">\n\t\t<p class=\"qodef-e-author-name\">BIN Studio<\/p>\n\t\t\t<\/div>\n\t\t\t<\/div>\n\t\t<\/div>\n\t<\/div>\n<\/div>\n<div class=\"qodef-e swiper-slide elementor-repeater-item-fa61bb5\">\n\t<div class=\"qodef-e-inner\">\n\t\t\t<div class=\"qodef-e-quote\">\n\t\t<svg xmlns=\"http:\/\/www.w3.org\/2000\/svg\" width=\"171.37\" height=\"117\" viewBox=\"0 0 171.37 117\"><g id=\"quote_-_Copy\" data-name=\"quote - Copy\" transform=\"translate(0.04)\"><path id=\"Path_186\" data-name=\"Path 186\" d=\"M47.3.5H83.6l-27,116H.7Z\" fill=\"none\" stroke=\"#fff\" stroke-width=\"1\"><\/path><path id=\"Path_187\" data-name=\"Path 187\" d=\"M134.4.5h36.3l-27,116H87.9Z\" fill=\"none\" stroke=\"#fcfcfc\" stroke-width=\"1\"><\/path><\/g><\/svg>\t<\/div>\n\t\t\t<div class=\"qodef-e-content\">\n\t\t\t\t<h4 itemprop=\"description\" class=\"qodef-e-text\">Nam cursus ipsum quis nunc quis feu giat augue ante mau ligula sed et por, quium nostre.<\/h4>\n\t\t\t<div class=\"qodef-e-bottom-info\">\n\t\t\t\t\t\t\t\t\t<div class=\"qodef-e-author\">\n\t\t<p class=\"qodef-e-author-name\">GAMA Production<\/p>\n\t\t\t<\/div>\n\t\t\t<\/div>\n\t\t<\/div>\n\t<\/div>\n<\/div>\n\t<\/div>\n\t<\/div>\n\t<div class=\"swiper-pagination qodef-swiper-pagination-outside swiper-pagination-1\"><\/div>\n\t\t\t\t<\/div>\n\t\t\t\t<\/div>\n\t\t\t\t\t<\/div>\n\t\t<\/div>\n\t\t\t\t\t<\/div>\n\t\t<\/section>\n\t\t\t\t<\/div>\n\t\t","protected":false},"excerpt":{"rendered":"<p>Somos AthleticSport UNIQUE IMAGES Somos AthleticSport Con un enfoque \u00fanico en las necesidades espec\u00edficas de cada disciplina, cada prenda refleja el entendimiento y la dedicaci\u00f3n de quienes conocen el camino de la alta exigencia. Somos una marca que comprende que el deporte es tanto una b\u00fasqueda individual como una expresi\u00f3n \u00fanica de cada persona. Lorem [&hellip;]<\/p>\n","protected":false},"author":1,"featured_media":0,"parent":0,"menu_order":0,"comment_status":"closed","ping_status":"closed","template":"qi-full-width.php","meta":{"content-type":"","footnotes":""},"class_list":["post-3374","page","type-page","status-publish","hentry"],"_links":{"self":[{"href":"https:\/\/athleticsport.cl\/index.php\/wp-json\/wp\/v2\/pages\/3374","targetHints":{"allow":["GET"]}}],"collection":[{"href":"https:\/\/athleticsport.cl\/index.php\/wp-json\/wp\/v2\/pages"}],"about":[{"href":"https:\/\/athleticsport.cl\/index.php\/wp-json\/wp\/v2\/types\/page"}],"author":[{"embeddable":true,"href":"https:\/\/athleticsport.cl\/index.php\/wp-json\/wp\/v2\/users\/1"}],"replies":[{"embeddable":true,"href":"https:\/\/athleticsport.cl\/index.php\/wp-json\/wp\/v2\/comments?post=3374"}],"version-history":[{"count":6,"href":"https:\/\/athleticsport.cl\/index.php\/wp-json\/wp\/v2\/pages\/3374\/revisions"}],"predecessor-version":[{"id":3381,"href":"https:\/\/athleticsport.cl\/index.php\/wp-json\/wp\/v2\/pages\/3374\/revisions\/3381"}],"wp:attachment":[{"href":"https:\/\/athleticsport.cl\/index.php\/wp-json\/wp\/v2\/media?parent=3374"}],"curies":[{"name":"wp","href":"https:\/\/api.w.org\/{rel}","templated":true}]}}